3a
Convert 312323 (base 4) to base 6.
24135
-4524 (base 15) to base 13
-6898
Convert 10100000010 (base 2) to base 9.
1674
Convert -1404 (base 6) to base 2.
-101101100
-10cc (base 13) to base 12
-1451
Convert 220311 (base 4) to base 9.
3523
Convert -1132 (base 8) to base 5.
-4402
Convert 2135 (base 12) to base 6.
24505
-27451 (base 8) to base 16
-2f29
98b (base 12) to base 6
10255
What is -333 (base 9) in base 14?
-157
Convert -101111 (base 3) to base 14.
-163
What is -164 (base 9) in base 6?
-351
What is -40 (base 13) in base 10?
-52
Convert -1b87 (base 14) to base 9.
-6786
-1122111112 (base 3) to base 13
-119c6
-11d8 (base 16) to base 10
-4568
What is -3a1 (base 13) in base 8?
-1176
Convert 1131240 (base 5) to base 14.
7832
-429 (base 15) to base 14
-4b1
Convert 113 (base 4) to base 15.
18
What is -1172 (base 14) in base 8?
-5740
What is 100001001110 (base 2) in base 9?
2822
Convert 72745 (base 8) to base 4.
13113211
What is -1ce2 (base 15) in base 10?
-6287
What is -10136 (base 7) in base 10?
-2477
Convert -10240 (base 9) to base 15.
-2009
-4327 (base 8) to base 12
-1387
1011010101 (base 2) to base 11
5aa
What is -b435 (base 14) in base 16?
-7927
Convert d45d (base 14) to base 8.
107273
What is 2404 (base 12) in base 4?
333010
3554 (base 11) to base 13
2173
2921 (base 14) to base 3
100222200
-3100 (base 8) to base 16
-640
-1131 (base 11) to base 9
-2031
Convert -16224 (base 7) to base 12.
-2793
1436 (base 8) to base 13
495
Convert 1 (base 3) to base 2.
1
What is -311 (base 15) in base 16?
-2b3
-367 (base 15) to base 11
-642
What is 1716 (base 9) in base 4?
110133
What is -5cc8 (base 16) in base 8?
-56310
-127b (base 15) to base 10
-3941
Convert -23e (base 15) to base 10.
-509
Convert 626 (base 11) to base 5.
11004
What is -100101011 (base 2) in base 8?
-453
54422 (base 6) to base 3
101021212
-481 (base 14) to base 3
-1020020
What is 100111010110101 (base 2) in base 3?
1000122021
Convert 2265 (base 8) to base 12.
845
What is -230 (base 12) in base 8?
-504
What is -528 (base 11) in base 12?
-44b
Convert -123 (base 12) to base 6.
-443
What is 1000001001 (base 2) in base 4?
20021
What is -4972 (base 12) in base 14?
-3046
What is -234 (base 6) in base 4?
-1132
-1bc7 (base 14) to base 3
-20221222
What is 21304 (base 5) in base 16?
5ae
-9478 (base 10) to base 7
-36430
Convert -3323 (base 8) to base 6.
-12031
What is -1c3 (base 15) in base 6?
-1520
5183 (base 10) to base 12
2bbb
What is -7702 (base 9) in base 13?
-2774
3a (base 16) to base 14
42
2130 (base 6) to base 2
111100110
Convert -34330 (base 6) to base 11.
-3735
Convert -2531 (base 10) to base 13.
-11c9
Convert 302 (base 8) to base 3.
21012
What is -21045 (base 6) in base 5?
-42322
What is -1000100001110111 (base 2) in base 9?
-52826
What is 73505 (base 8) in base 9?
45785
What is -1379c (base 13) in base 14?
-d408
644 (base 12) to base 3
1020221
What is 22026 (base 7) in base 12?
3230
-12 (base 13) to base 6
-23
Convert 110010001100 (base 2) to base 8.
6214
-40207 (base 8) to base 14
-603d
-111ca (base 14) to base 12
-20052
What is -1479 (base 10) in base 16?
-5c7
110241 (base 5) to base 8
7355
2036 (base 7) to base 11
599
What is 143 (base 16) in base 5?
2243
Convert -350 (base 6) to base 11.
-116
-1013211 (base 4) to base 12
-2799
What is -2011110 (base 3) in base 16?
-62a
Convert 2055 (base 7) to base 3.
222220
Convert 1000001101101 (base 2) to base 10.
4205
Convert 1505524 (base 6) to base 11.
5a250
Convert 23302 (base 8) to base 12.
58aa
-2045 (base 10) to base 8
-3775
-3340 (base 6) to base 5
-11110
Convert -1233023 (base 4) to base 3.
-100202112
What is 1c3 (base 16) in base 5?
3301
6c0 (base 13) to base 14
5d8
Convert -1122330 (base 4) to base 8.
-13274
What is 102350 (base 6) in base 13?
3a50
1515 (base 7) to base 5
4400
6fe (base 16) to base 4
123332
-44b (base 14) to base 13
-506
-145154 (base 6) to base 13
-6565
What is 10201110 (base 3) in base 12?
16a0
What is -1792 (base 12) in base 13?
-13ac
What is -da (base 14) in base 5?
-1232
What is 22020 (base 5) in base 8?
2746
33012 (base 6) to base 14
1928
Convert -54684 (base 9) to base 3.
-1211202211
-43ca (base 16) to base 11
-12047
Convert 2628 (base 11) to base 2.
110101011010
-8a (base 11) to base 7
-200
What is 26e0 (base 15) in base 11?
6275
Convert -77 (base 16) to base 11.
-a9
Convert 19a (base 15) to base 2.
101110010
1605 (base 14) to base 12
2331
What is -1111011 (base 3) in base 4?
-100330
What is -1661 (base 8) in base 12?
-669
Convert 3a9 (base 15) to base 7.
2301
What is 105 (base 8) in base 12?
59
What is 28c (base 16) in base 4?
22030
What is 227 (base 9) in base 12?
137
What is 4483 (base 13) in base 14?
36b9
Convert -133032 (base 4) to base 6.
-13130
What is 222232 (base 5) in base 16?
1e89
What is -1110011101 (base 2) in base 8?
-1635
Convert -10433 (base 5) to base 12.
-51b
Convert a76 (base 14) to base 11.
1607
214 (base 10) to base 15
e4
14211 (base 5) to base 6
5245
-310320 (base 4) to base 10
-3384
-45 (base 9) to base 6
-105
What is 8a (base 14) in base 13?
95
-611 (base 11) to base 14
-3aa
-194 (base 14) to base 7
-644
Convert -196 (base 13) to base 11.
-246
-1009 (base 10) to base 6
-4401
What is 2121120101 (base 3) in base 11?
35719
Convert -16840 (base 10) to base 7.
-100045
Convert 145b (base 12) to base 16.
947
What is 2ab (base 14) in base 13?
32a
What is -5 (base 16) in base 8?
-5
-2b06 (base 12) to base 6
-35210
-10279 (base 13) to base 12
-14947
Convert -b2aa (base 15) to base 3.
-1220202121
What is 25386 (base 9) in base 4?
10023000
What is -46c (base 15) in base 12?
-6b6
What is 499c (base 14) in base 6?
135342
Convert 120210001 (base 3) to base 12.
67a7
What is 6117 (base 10) in base 3?
22101120
Convert 1044 (base 13) to base 11.
1769
Convert -771 (base 9) to base 11.
-524
What is -1313 (base 5) in base 6?
-544
What is 1100110 (base 3) in base 14?
504
Convert 7629 (base 14) to base 16.
4fc5
Convert 3346 (base 7) to base 8.
2272
What is -1023222 (base 4) in base 16?
-12ea
What is 101201122 (base 3) in base 5?
222240
Convert -2cc (base 15) to base 6.
-2550
6493 (base 10) to base 6
50021
Convert 31444 (base 5) to base 11.
1661
Convert -2a1 (base 13) to base 10.
-469
Convert -451330 (base 6) to base 12.
-19b46
What is 2442 (base 9) in base 7?
5210
727 (base 12) to base 10
1039
-30ac (base 16) to base 8
-30254
What is 26d3 (base 16) in base 11?
7516
What is -1bbb (base 16) in base 8?
-15673
What is 626a (base 11) in base 2?
10000001110000
Convert -509 (base 10) to base 2.
-111111101
Convert -3c7a (base 14) to base 5.
-320232
What is 1032201 (base 4) in base 13?
2397
What is -3a0 (base 14) in base 11?
-602
-223125 (base 6) to base 3
-221211222
What is -1408 (base 11) in base 3?
-2111112
Convert -12f (base 16) to base 5.
-2203
10212 (base 4) to base 15
149
12022200 (base 3) to base 4
330213
What is 2575 (base 13) in base 2?
1010011010111
324b (base 15) to base 16
2996
Convert -112120212 (base 3) to base 6.
-121122
What is f9b (base 16) in base 11?
3002
What is -201200220 (base 3) in base 10?
-14361
Convert -581 (base 12) to base 14.
-425
Convert -4206 (base 7) to base 11.
-1122
What is 4c63 (base 13) in base 9?
15847
-6110 (base 12) to base 14
-3b9a
What is -1022012110 (base 3) in base 13?
-b8b0
Convert -1144 (base 8) to base 4.
-21210
Convert -fa9 (base 16) to base 13.
-1a95
Convert -114301 (base 5) to base 3.
-12221020
What is 461 (base 13) in base 11?
627
421120 (base 5) to base 16
3656
What is -3386 (base 13) in base 16?
-1c28
What is 34100 (base 8) in base 9?
21670
What is c140 (base 13) in base 14?
998d
Convert -227 (base 8) to base 6.
-411
Convert -546 (base 13) to base 11.
-751
Convert -223544 (base 7) to base 14.
-10694
Convert -2825 (base 9) to base 2.
-100001010001
-645 (base 8) to base 15
-1d1
-24077 (base 9) to base 5
-1003413
What is -124 (base 15) in base 11?
-216
What is d86 (base 15) in base 11?
2324
What is -2115 (base 6) in base 14?
-263
Convert 3010220 (base 5) to base 13.
18856
Convert -629 (base 15) to base 8.
-2555
What is 2120 (base 6) in base 2?
111100000
Convert -2323030 (base 4) to base 16.
-2ecc
Convert 689 (base 16) to base 2.
11010001001
-ca3 (base 13) to base 8
-4161
-3cc9 (base 16) to base 2
-11110011001001
What is 10260 (base 9) in base 13?
3114
23221 (base 4) t